= -2146*w - 298318. Calculate t(-139).
-24
Let w(y) = 834201*y + 1668433. Calculate w(-2).
31
Let c(z) = -178*z + 7741. Calculate c(44).
-91
Let f(l) = 686*l - 15088. Calculate f(22).
4
Let f(k) = -105*k**2 + 27*k - 130. What is f(4)?
-1702
Let o(g) = -g**3 - 132*g**2 - 3397*g - 333. What is o(-97)?
-139
Let x(i) = -500*i - 51157. What is x(-107)?
2343
Let z(r) = -53589*r - 53748. Calculate z(-1).
-159
Let v(p) = -25973*p + 805256. Give v(31).
93
Let z(l) = 3*l**3 - 24*l**2 + 222*l - 947. Give z(6).
169
Let r(t) = -t**3 + 16*t**2 + 352*t + 149. Determine r(28).
597
Let f(y) = -y**3 - 130*y**2 + 355*y + 46036. What is f(-130)?
-114
Let i(b) = -3*b**3 - 47*b**2 - 48*b + 35. Determine i(-16).
1059
Let l(z) = -165*z**2 - 28220*z - 744. Determine l(-171).
111
Let h(c) = 2*c**3 - 5*c**2 - 2803*c + 5615. What is h(2)?
5
Let r(c) = 19082*c + 38056. What is r(-2)?
-108
Let g(b) = -4374717*b + 21873589. Calculate g(5).
4
Let h(b) = b**3 - 193*b**2 + 5311*b - 5028. What is h(160)?
-68
Let l(v) = -2*v**3 - 581*v**2 - 3970*v + 2. Calculate l(-7).
9
Let c(k) = -k**3 - 950*k**2 + 3667*k - 142144. Calculate c(-954).
2
Let s(o) = 15*o**3 + 178*o**2 - 21*o + 9. Give s(-12).
-27
Let j(b) = 2*b**3 - 51*b**2 - 1681*b + 26078. Determine j(13).
0
Let g(c) = 12*c**2 + 1652*c + 924. Determine g(-137).
-172
Let a(k) = -4*k**3 + 19*k**2 + 50*k + 162. Give a(-7).
2115
Let v(t) = -10860*t - 58824. What is v(-5)?
-4524
Let f(d) = -95*d**2 + 4006*d - 674. Calculate f(42).
-2
Let p(j) = -3482*j + 58841. Calculate p(17).
-353
Let c(j) = -3*j**3 - 38*j**2 - 18*j + 20. Give c(-13).
423
Let y(p) = 452*p + 87684. Determine y(-194).
-4
Let p(w) = -7*w**3 - 28*w**2 + 150*w - 14. What is p(3)?
-5
Let l(y) = 133*y - 18873. What is l(145)?
412
Let c(i) = -i**3 - 13*i**2 + 98*i - 49. Determine c(-19).
255
Let f(n) = n**3 + 234*n**2 + 289*n + 13073. Determine f(-233).
25
Let k(c) = 1849*c + 1222201. What is k(-661)?
12
Let y(z) = -z**3 - 73*z**2 + 340*z + 19687. Determine y(-74).
3
Let s(z) = -2*z**3 + 23*z**2 + 179*z - 20. Give s(-6).
166
Let v(u) = -7*u**2 + 840*u + 15141. Determine v(136).
-91
Let l(g) = 3163333*g - 6326679. What is l(2)?
-13
Let a(h) = h**3 - 539*h**2 - 415*h - 67527. Calculate a(540).
-27
Let t(a) = -86*a**2 + 5078*a - 152. Calculate t(59).
84
Let n(g) = g**3 - 52*g**2 - 2*g - 82. Give n(0).
-82
Let i(p) = 990*p**2 - 9966*p - 9967. What is i(-1)?
989
Let g(x) = -32075*x - 31750. What is g(-1)?
325
Let x(h) = -2*h**2 - 54*h + 15256. Give x(-103).
-400
Let i(c) = 21*c**2 + 2694*c + 49097. Give i(-22).
-7
Let z(m) = m**3 + 9*m**2 - 850*m - 451. Give z(25).
-451
Let h(m) = m**2 - 9316*m + 158366. Determine h(17).
283
Let q(b) = -429*b - 1775. Calculate q(-4).
-59
Let n(a) = -11*a**2 + 13*a + 8937. Give n(29).
63
Let u(m) = -5*m**2 - 1192*m - 6360. Determine u(-233).
-69
Let t(z) = -z**2 - 77*z + 88235. Calculate t(261).
17
Let y(o) = -o**2 - 1281*o - 51. Determine y(0).
-51
Let m(r) = -102*r**2 + 169*r - 32. Give m(1).
35
Let y(c) = -135*c + 409. What is y(-4)?
949
Let p(t) = 3*t**2 - 10677*t - 5573102. What is p(-462)?
4
Let f(a) = -354*a - 29931. What is f(-85)?
159
Let b(s) = 31*s**2 + 1417*s + 4050. Give b(-3).
78
Let x(c) = -4*c**2 - 16*c + 12039. What is x(53)?
-45
Let y(g) = g**3 - 98*g**2 - 429*g + 602. What is y(102)?
-1540
Let b(c) = -74*c**2 + 9996*c - 743. Determine b(135).
67
Let i(d) = d**2 + 43665*d - 8640813. Determine i(197).
1
Let q(p) = p**3 - 36*p**2 + 38*p + 914. What is q(34)?
-106
Let d(c) = -2700*c - 1325685. Determine d(-491).
15
Let y(u) = 4632*u - 222250. Calculate y(48).
86
Let f(h) = -h**3 + 3*h**2 + 61*h + 429. Determine f(-7).
492
Let p(x) = 490*x + 12537. Give p(-26).
-203
Let a(p) = 336*p**2 + 2624*p + 2622. Calculate a(-1).
334
Let x(z) = -5*z**2 - 14*z + 11. What is x(-6)?
-85
Let j(t) = t**3 + t**2 + 26*t - 120. Determine j(11).
1618
Let t(d) = -114*d**2 - 2196*d - 584. Determine t(-19).
-14
Let o(f) = 2*f**3 - 41*f**2 + 171*f + 192. Calculate o(9).
-132
Let o(m) = -674*m + 128765. Give o(191).
31
Let w(j) = j**3 - 101*j**2 + 1134*j + 234. Give w(88).
-646
Let v(g) = -32*g**2 - 761*g + 26450. Calculate v(-43).
5
Let i(g) = 63*g**2 + 31*g + 105. Give i(-3).
579
Let l(n) = 8*n**3 - 2*n**2 - 104*n - 525. What is l(-5)?
-1055
Let h(d) = -983420*d + 3933677. Calculate h(4).
-3
Let a(n) = 8*n**2 + 1708*n + 20216. Give a(-201).
116
Let n(r) = -r**2 - 527*r - 57828. Give n(-157).
262
Let r(t) = 17*t**2 - 748*t - 2419. Give r(47).
-22
Let l(c) = c**3 - 32*c**2 - 260*c + 176. Give l(-7).
85
Let v(b) = 21*b**2 + 8538*b + 13376. Give v(-405).
11
Let o(i) = 8*i**3 + 1879*i**2 - 233*i + 294. Calculate o(-235).
-176
Let d(s) = -3957*s + 261239. Give d(66).
77
Let f(u) = -23*u + 1519. Calculate f(83).
-390
Let h(d) = d**2 + 22*d - 490. Determine h(12).
-82
Let g(x) = -24*x + 1416. Give g(-8).
1608
Let v(x) = 3*x**3 - 75*x**2 - x - 709. Give v(25).
-734
Let n(t) = t**3 + 66*t**2 + 815*t - 111. What is n(-51)?
-2661
Let l(h) = 18*h**3 - 613*h**2 - 15*h - 4. Determine l(34).
-1670
Let w(c) = -c**2 + 207*c - 10534. What is w(92)?
46
Let f(v) = -7*v**3 - 55*v**2 - 3*v - 25. What is f(-7)?
-298
Let u(n) = -4367*n + 131151. Calculate u(30).
141
Let j(s) = -4*s**3 + 25*s**2 - 86*s + 334. Determine j(6).
-146
Let s(k) = -1555*k**2 + 14014*k - 72. Determine s(9).
99
Let m(b) = -b**2 - 80*b + 515. What is m(-86)?
-1
Let o(g) = -57*g - 13949. Determine o(-247).
130
Let a(y) = -731*y - 2023. What is a(-3)?
170
Let j(g) = g**3 - 624*g**2 + 1752*g + 68941. Calculate j(621).
10
Let x(a) = -a**3 + 141*a**2 - 3*a + 1641. What is x(0)?
1641
Let u(i) = -19777*i + 279040. What is u(14)?
2162
Let v(z) = -z**3 + 20*z**2 + 5*z - 58. What is v(20)?
42
Let u(i) = -i**3 - 18*i**2 + 676*i + 11176. Give u(-16).
-152
Let t(v) = -15202*v - 2660237. Determine t(-175).
113
Let l(t) = 803*t + 14538. Calculate l(-18).
84
Let t(y) = 9*y**3 + 29*y**2 + 2873*y + 8613. What is t(-3)?
12
Let d(o) = -810*o**2 + 234897*o + 867. Determine d(290).
-3
Let v(f) = -f**3 - 3*f**2 + 700*f + 42. Give v(25).
42
Let w(f) = -5*f**3 + 851*f**2 + 2424*f - 323. Calculate w(173).
23
Let n(i) = 13*i**3 + 344*i**2 + 134*i - 568. Give n(-26).
4
Let z(j) = -j**2 + 223494*j + 1340998. What is z(-6)?
-2
Let o(b) = 42000*b - 19992005. What is o(476)?
-5
Let g(w) = -w**3 - 45*w**2 - 103*w + 1266. What is g(-42)?
300
Let q(b) = b**3 + 76*b**2 + 307*b + 385. Calculate q(-72).
-983
Let c(o) = 5*o**2 + 1265*o - 29371. Give c(23).
2369
Let r(x) = -22774*x - 182168. What is r(-8)?
24
Let h(o) = -o**2 + 95*o + 400. Determine h(50).
2650
Let y(u) = 3*u**2 - 519*u - 22546. Give y(-36).
26
Let q(f) = 2*f**2 - 636*f + 50598. Determine q(158).
38
Let w(y) = -15267*y - 61087. Calculate w(-4).
-19
Let m(b) = b**2 + b - 2775. Determine m(-59).
647
Let d(h) = h**3 - 59*h**2 + 546*h + 213. Calculate d(12).
-3
Let f(j) = 12*j**3 - 622*j**2 - 54*j - 152. Calculate f(52).
2448
Let v(j) = j**3 + 512*j**2 + 37976*j - 1761. Determine v(-422).
-73
Let a(u) = -9098*u - 700523. Determine a(-77).
23
Let r(l) = -12363*l - 74285. What is r(-6)?
-107
Let q(f) = 2*f**3 + 268*f**2 - 278*f - 84. Calculate q(-135).
996
Let v(u) = -3*u**2 - 2*u + 79. What is v(6)?
-41
Let u(w) = 9*w**2 + 532*w - 1688. Calculate u(3).
-11
Let s(i) = -25*i**3 + 16*i**2 - 24*i + 26. Give s(1).
-7
Let f(z) = z**3 - 21*z**2 - 5*z - 81. What is f(13)?
-1498
Let f(s) = 1597*s + 58441. Give f(-36).
949
Let n(w) = -114*w**2 + 442*w + 443. Determine n(-1).
-113
Let d(n) = 1225*n + 627819. Calculate d(-513).
-606
Let l(k) = -3666*k**2 + 13835*k + 13836. What is l(-1)?
-3665
Let a(u) = -16*u**3 - 6*u**2 + 653*u + 1312. Calculate a(-2).
110
Let g(y) = y**2 - 1578*y + 149088. Give g(101).
-89
Let h(q) = 3*q**3 + 396*q**2 - 894*q - 12058. Calculate h(-134).
2
Let w(o) = -4534*o + 76612. What is w(17)?
-466
Let o(a) = 5*a**2 + 760*a - 756. Give o(-153).
9
Let y(m) = -m**3 + 42*m**2 + 117*m - 1392. Determine y(44).
-116
Let k(o) = -10*o**2 + 309*o + 44466. Give k(-53).
-1
Let u(o) = o**3 + 73*o**2 - 97*o - 2272. Calculate u(6).
-10
Let c(f) = 3*f**3 + 131*f**2 - 1733*f - 78218. Give c(-43).
-1
Let v(q) = 13*q**3 + 214*q**2 + 815*q + 266. What is v(-5)?
-84
Let t(f) = -296*f + 60492. Calculate t(201).
996
Let j(m) = 5*m**3 + 770*m**2 - 106*m - 16305. Give j(-154).
19
Let m(v) 